the remainder when 95 is divided by 31.
2
Calculate the remainder when 46 is divided by 28.
18
Calculate the remainder when 2087 is divided by 8.
7
Calculate the remainder when 408 is divided by 82.
80
Calculate the remainder when 14552 is divided by 9.
8
Calculate the remainder when 383 is divided by 132.
119
Calculate the remainder when 516 is divided by 105.
96
Calculate the remainder when 703 is divided by 32.
31
What is the remainder when 697 is divided by 50?
47
Calculate the remainder when 97 is divided by 62.
35
Calculate the remainder when 61 is divided by 10.
1
Calculate the remainder when 52 is divided by 23.
6
Calculate the remainder when 78 is divided by 75.
3
What is the remainder when 897 is divided by 75?
72
Calculate the remainder when 627 is divided by 201.
24
Calculate the remainder when 151 is divided by 11.
8
What is the remainder when 320 is divided by 87?
59
Calculate the remainder when 647 is divided by 639.
8
What is the remainder when 226 is divided by 76?
74
What is the remainder when 440 is divided by 63?
62
Calculate the remainder when 223 is divided by 72.
7
Calculate the remainder when 41607 is divided by 190.
187
What is the remainder when 257 is divided by 250?
7
Calculate the remainder when 25 is divided by 6.
1
What is the remainder when 949 is divided by 38?
37
What is the remainder when 87 is divided by 83?
4
What is the remainder when 1329 is divided by 442?
3
What is the remainder when 1556 is divided by 78?
74
What is the remainder when 175 is divided by 85?
5
Calculate the remainder when 12406 is divided by 132.
130
Calculate the remainder when 965 is divided by 81.
74
Calculate the remainder when 89 is divided by 76.
13
What is the remainder when 138 is divided by 56?
26
Calculate the remainder when 137 is divided by 4.
1
What is the remainder when 3778 is divided by 70?
68
What is the remainder when 2546 is divided by 52?
50
Calculate the remainder when 254 is divided by 29.
22
Calculate the remainder when 7210 is divided by 16.
10
Calculate the remainder when 76 is divided by 44.
32
What is the remainder when 406 is divided by 12?
10
Calculate the remainder when 394 is divided by 44.
42
What is the remainder when 458 is divided by 115?
113
What is the remainder when 1741 is divided by 67?
66
What is the remainder when 270 is divided by 116?
38
What is the remainder when 5315 is divided by 12?
11
Calculate the remainder when 320 is divided by 19.
16
What is the remainder when 1669 is divided by 20?
9
Calculate the remainder when 346 is divided by 87.
85
What is the remainder when 370 is divided by 125?
120
What is the remainder when 14996 is divided by 120?
116
What is the remainder when 14 is divided by 9?
5
Calculate the remainder when 550 is divided by 31.
23
Calculate the remainder when 797 is divided by 299.
199
Calculate the remainder when 2616 is divided by 164.
156
Calculate the remainder when 778 is divided by 195.
193
What is the remainder when 485 is divided by 61?
58
What is the remainder when 336 is divided by 26?
24
What is the remainder when 78 is divided by 33?
12
What is the remainder when 923 is divided by 37?
35
What is the remainder when 236 is divided by 61?
53
Calculate the remainder when 738 is divided by 152.
130
Calculate the remainder when 36 is divided by 19.
17
Calculate the remainder when 29 is divided by 8.
5
Calculate the remainder when 1852 is divided by 461.
8
What is the remainder when 172 is divided by 25?
22
What is the remainder when 1525 is divided by 303?
10
What is the remainder when 3821 is divided by 25?
21
What is the remainder when 8670 is divided by 177?
174
Calculate the remainder when 77 is divided by 28.
21
Calculate the remainder when 204 is divided by 16.
12
What is the remainder when 146 is divided by 13?
3
Calculate the remainder when 346 is divided by 70.
66
Calculate the remainder when 3348 is divided by 25.
23
What is the remainder when 419 is divided by 110?
89
Calculate the remainder when 10814 is divided by 15.
14
Calculate the remainder when 1239 is divided by 10.
9
What is the remainder when 124 is divided by 21?
19
Calculate the remainder when 526 is divided by 11.
9
What is the remainder when 98 is divided by 29?
11
Calculate the remainder when 1214 is divided by 161.
87
Calculate the remainder when 87 is divided by 2.
1
What is the remainder when 80 is divided by 46?
34
Calculate the remainder when 854 is divided by 19.
18
Calculate the remainder when 336 is divided by 23.
14
What is the remainder when 1688 is divided by 422?
0
Calculate the remainder when 128 is divided by 50.
28
Calculate the remainder when 79 is divided by 58.
21
What is the remainder when 25 is divided by 13?
12
Calculate the remainder when 273 is divided by 112.
49
What is the remainder when 1859 is divided by 133?
130
What is the remainder when 125 is divided by 20?
5
Calculate the remainder when 1067 is divided by 16.
11
What is the remainder when 1125 is divided by 49?
47
What is the remainder when 2355 is divided by 18?
15
Calculate the remainder when 9 is divided by 2.
1
What is the remainder when 30 is divided by 1?
0
Calculate the remainder when 568 is divided by 63.
1
What is the remainder when 1132 is divided by 16?
12
What is the remainder when 217 is divided by 73?
71
What is the remainder when 197 is divided by 66?
65
What is the remainder when 732 is divided by 243?
3
Calculate the remainder when 519 is divided by 44.
35
What is the remainder when 628 is divided by 149?
32
Calculate the remainder when 461 is divided by 121.
98
What is the remainder when 25 is divided by 13?
12
Calculate the remainder when 228 is divided by 33.
30
What is the remainder when 240 is divided by 48?
0
What is the remainder when 94 is divided by 31?
1
What is the remainder when 4092 is divided by 178?
176
Calculate the remainder when 201 is divided by 9.
3
What is the remainder when 76 is divided by 20?
16
Calculate the remainder when 76 is divided by 42.
34
Calculate the remainder when 47 is divided by 31.
16
What is the remainder when 81 is divided by 28?
25
Calculate the remainder when 637 is divided by 107.
102
Calculate the remainder when 296 is divided by 18.
8
What is the remainder when 2596 is divided by 2594?
2
Calculate the remainder when 849 is divided by 23.
21
Calculate the remainder when 330 is divided by 57.
45
Calculate the remainder when 36 is divided by 17.
2
Calculate the remainder when 1466 is divided by 208.
10
Calculate the remainder when 1826 is divided by 49.
13
Calculate the remainder when 199 is divided by 8.
7
What is the remainder when 524 is divided by 46?
18
Calculate the remainder when 49 is divided by 27.
22
Calculate the remainder when 3531 is divided by 6.
3
What is the remainder when 359 is divided by 184?
175
What is the remainder when 150 is divided by 42?
24
What is the remainder when 1292 is divided by 303?
80
Calculate the remainder when 575 is divided by 96.
95
Calculate the remainder when 1455 is divided by 47.
45
Calculate the remainder when 205 is divided by 52.
49
What is the remainder when 2118 is divided by 304?
294
Calculate the remainder when 1297 is divided by 6.
1
What is the remainder when 1155 is divided by 19?
15
What is the remainder when 107 is divided by 51?
5
Calculate the remainder when 610 is divided by 123.
118
Calculate the remainder when 71 is divided by 23.
2
What is the remainder when 772 is divided by 5?
2
Calculate the remainder when 373 is divided by 64.
53
Calculate the remainder when 4061 is divided by 1013.
9
What is the remainder when 129 is divided by 33?
30
Calculate the remainder when 16152 is divided by 82.
80
Calculate the remainder when 400 is divided by 131.
7
What is the remainder when 153 is divided by 50?
3
Calculate the remainder when 3819 is divided by 21.
18
What is the remainder when 223 is divided by 71?
10
What is the remainder when 203 is divided by 102?
101
Calculate the remainder when 504 is divided by 39.
36
Calculate the remainder when 112 is divided by 49.
14
What is the remainder when 62 is divided by 62?
0
What is the remainder when 393 is divided by 96?
9
Calculate the remainder when 369 is divided by 10.
9
Calculate the remainder when 112 is divided by 78.
34
Calculate the rem